by 12?
7
What is the remainder when 1544 is divided by 1486?
58
What is the remainder when 10149 is divided by 50?
49
What is the remainder when 2870 is divided by 339?
158
Calculate the remainder when 15058 is divided by 162.
154
What is the remainder when 2589 is divided by 28?
13
Calculate the remainder when 468071 is divided by 17.
10
What is the remainder when 687608 is divided by 133?
131
Calculate the remainder when 81838 is divided by 110.
108
What is the remainder when 1293902 is divided by 14?
8
What is the remainder when 382565 is divided by 1142?
1137
What is the remainder when 198 is divided by 173?
25
What is the remainder when 7058 is divided by 173?
138
Calculate the remainder when 1013083 is divided by 24.
19
What is the remainder when 1795 is divided by 295?
25
Calculate the remainder when 1622 is divided by 392.
54
Calculate the remainder when 52169 is divided by 1304.
9
Calculate the remainder when 12082 is divided by 6041.
0
What is the remainder when 13765 is divided by 1774?
1347
What is the remainder when 21256 is divided by 237?
163
Calculate the remainder when 14788 is divided by 344.
340
Calculate the remainder when 6867 is divided by 186.
171
What is the remainder when 22639 is divided by 7528?
55
What is the remainder when 878 is divided by 161?
73
Calculate the remainder when 12916005 is divided by 686.
683
What is the remainder when 63447 is divided by 21137?
36
Calculate the remainder when 4496 is divided by 3.
2
Calculate the remainder when 25853 is divided by 51.
47
Calculate the remainder when 9464 is divided by 2355.
44
Calculate the remainder when 1592 is divided by 16.
8
What is the remainder when 4004 is divided by 789?
59
What is the remainder when 965300 is divided by 216?
212
Calculate the remainder when 643801 is divided by 14.
11
Calculate the remainder when 2008 is divided by 534.
406
What is the remainder when 1290 is divided by 17?
15
Calculate the remainder when 314738 is divided by 12.
2
What is the remainder when 2837 is divided by 49?
44
Calculate the remainder when 1101 is divided by 18.
3
What is the remainder when 3616 is divided by 104?
80
What is the remainder when 4095 is divided by 4011?
84
Calculate the remainder when 2884 is divided by 49.
42
Calculate the remainder when 3619 is divided by 215.
179
Calculate the remainder when 49967 is divided by 1313.
73
What is the remainder when 2112 is divided by 236?
224
Calculate the remainder when 1549 is divided by 275.
174
What is the remainder when 471052 is divided by 115?
12
What is the remainder when 75591 is divided by 258?
255
Calculate the remainder when 28723 is divided by 442.
435
What is the remainder when 10279 is divided by 304?
247
Calculate the remainder when 9779 is divided by 576.
563
What is the remainder when 15900 is divided by 54?
24
Calculate the remainder when 6488 is divided by 25.
13
What is the remainder when 10439 is divided by 871?
858
Calculate the remainder when 315 is divided by 92.
39
Calculate the remainder when 301136 is divided by 289.
287
What is the remainder when 843238 is divided by 24?
22
What is the remainder when 28237 is divided by 40?
37
What is the remainder when 32172 is divided by 13?
10
Calculate the remainder when 5361 is divided by 447.
444
Calculate the remainder when 50334 is divided by 50329.
5
What is the remainder when 107508 is divided by 575?
558
Calculate the remainder when 2998 is divided by 38.
34
What is the remainder when 2350 is divided by 232?
30
Calculate the remainder when 24246 is divided by 8004.
234
Calculate the remainder when 3932 is divided by 127.
122
Calculate the remainder when 1008 is divided by 276.
180
Calculate the remainder when 18181 is divided by 473.
207
Calculate the remainder when 1653 is divided by 553.
547
What is the remainder when 9758 is divided by 43?
40
Calculate the remainder when 714346 is divided by 157.
153
Calculate the remainder when 144532 is divided by 2189.
58
What is the remainder when 183783 is divided by 673?
54
What is the remainder when 149272 is divided by 10661?
18
What is the remainder when 337475 is divided by 168719?
37
What is the remainder when 802063 is divided by 2?
1
Calculate the remainder when 3693 is divided by 662.
383
Calculate the remainder when 90233 is divided by 209.
154
Calculate the remainder when 63689 is divided by 63648.
41
Calculate the remainder when 24937 is divided by 51.
49
Calculate the remainder when 36817 is divided by 14.
11
Calculate the remainder when 40246 is divided by 805.
801
Calculate the remainder when 1247 is divided by 617.
13
What is the remainder when 689280 is divided by 38?
36
Calculate the remainder when 9073 is divided by 51.
46
Calculate the remainder when 71617 is divided by 1376.
65
Calculate the remainder when 4350 is divided by 435.
0
Calculate the remainder when 394755 is divided by 79.
71
Calculate the remainder when 4351 is divided by 17.
16
What is the remainder when 91719 is divided by 15286?
3
Calculate the remainder when 3453 is divided by 54.
51
What is the remainder when 7360 is divided by 2419?
103
Calculate the remainder when 2702 is divided by 112.
14
Calculate the remainder when 305301 is divided by 46.
45
What is the remainder when 36599 is divided by 83?
79
Calculate the remainder when 7804 is divided by 2593.
25
What is the remainder when 60450 is divided by 20131?
57
Calculate the remainder when 1873 is divided by 405.
253
What is the remainder when 266723 is divided by 394?
379
What is the remainder when 103072 is divided by 71?
51
Calculate the remainder when 701372 is divided by 61.
55
What is the remainder when 1662313 is divided by 271?
270
What is the remainder when 7896 is divided by 19?
11
Calculate the remainder when 3586 is divided by 520.
466
What is the remainder when 11172 is divided by 11162?
10
Calculate the remainder when 1134 is divided by 400.
334
Calculate the remainder when 159405 is divided by 19925.
5
What is the remainder when 8063 is divided by 9?
8
What is the remainder when 187899 is divided by 14453?
10
What is the remainder when 161541 is divided by 1252?
33
What is the remainder when 14528 is divided by 52?
20
What is the remainder when 135315 is divided by 20?
15
What is the remainder when 16244 is divided by 1923?
860
Calculate the remainder when 5812 is divided by 172.
136
What is the remainder when 25935 is divided by 99?
96
Calculate the remainder when 1237 is divided by 123.
7
Calculate the remainder when 421964 is divided by 91.
88
What is the remainder when 543289 is divided by 284?
281
What is the remainder when 74272 is divided by 80?
32
What is the remainder when 115757 is divided by 877?
870
Calculate the remainder when 63564 is divided by 62.
14
What is the remainder when 11551 is divided by 769?
16
What is the remainder when 8865 is divided by 269?
257
What is the remainder when 2896 is divided by 861?
313
What is the remainder when 243545 is divided by 3247?
20
Calculate the remainder when 8687 is divided by 1047.
311
Calculate the remainder when 21496 is divided by 6.
4
What is the remainder when 122129 is divided by 24424?
9
Calculate the remainder when 5679 is divided by 2811.
57
Calculate the remainder when 90594 is divided by 11.
9
Calculate the remainder when 16891 is divided by 88.
83
What is the remainder when 89182 is divided by 14?
2
Calculate the remainder when 949 is divided by 796.
153
What is the remainder when 1258736 is divided by 30?
26
What is the remainder when 385815 is divided by 505?
500
What is the remainder when 420127 is divided by 143?
136
Calculate the remainder when 15535 is divided by 661.
332
What is the remainder when 4130 is divided by 642?
278
What is the remainder when 136 is divided by 89?
47
What is the remainder when 373304 is divided by 93320?
24
Calculate the remainder when 94783 is divided by 15795.
13
What is the remainder when 5730107 is divided by 145?
142
What is the remainder when 5214 is divided by 60?
54
What is the remainder when 913 is divided by 560?
353
Calculate the remainder when 464446 is divided by 232218.
10
Calculate the remainder when 758178 is divided by 20.
18
What is the remainder when 73222 is divided by 24405?
7
What is the remainder when 240185 is divided by 